*w - 112. Let j be a(23). Let c(s) be the first derivative of 4/3*s**j + 1/4*s**4 - 5*s - 2*s**2 + 2. Give c(-5).
-10
Let o(u) be the third derivative of -u**6/120 + u**5/30 - u**4/8 + u**3/2 - 2*u**2 + 26*u. Let a = 3 - -1. Let y = a - 2. Calculate o(y).
-3
Suppose -2 = j - 2*m - 0, -4*j = 3*m - 47. Let l(t) = 6*t + 6*t - t**2 - 5*t + 7. Give l(j).
-1
Suppose 0 = -g + 2*g + 2*o + 3, -g + 27 = -4*o. Let a = 12 - g. Suppose -i = -a*n + 18, -5*n + 28 + 2 = -5*i. Let r(d) = -d**3 - 3*d**2 - 2. Give r(i).
-2
Suppose -2*l - 128 = -168. Let b(p) = -p**3 + 20*p**2 - 1. Give b(l).
-1
Let b(n) = -1 + 26*n + 29*n - 56*n + 3. Give b(-2).
4
Let z be 3 - 1/(4 - (-78)/(-18)). Let d(j) = -4*j + 28. Calculate d(z).
4
Let f = 13 - 7. Let z(b) = -12*b + 19. Let h(s) = 7*s - 10. Let d(r) = -5*h(r) - 3*z(r). What is d(f)?
-1
Let u be ((-660)/45)/((1/(-3))/(-1)). Let i = 46 + u. Let j(x) = -12*x + 3. Calculate j(i).
-21
Let r(c) be the third derivative of c**8/10080 - c**7/1680 - c**6/720 - c**5/15 + 10*c**2. Let f(o) be the third derivative of r(o). What is f(3)?
8
Let m(k) be the first derivative of 2*k**2 - 9*k - 73. Give m(-8).
-41
Let b(p) = p**3 + 7*p**2 + 6*p - 7. Let n = 14 - 15. Let d(o) = o - 1. Let x be d(n). Let u be x/3 - (-112)/(-21). Determine b(u).
-7
Let d = 317 + -312. Let k(c) = -2*c**2 + 6*c + 6. Give k(d).
-14
Let r(d) = 2*d - 14. Suppose m + 48 = 4*j - 0*m, -3*j - 5*m = -36. Determine r(j).
10
Let r = -486 - -487. Let k(w) = 9*w + 1. Calculate k(r).
10
Let g(c) = c**3 + 4*c**2 - 2*c - 4. Suppose 3 = -2*p + 5. Let q be 21/(-5) - p/(-5). Give g(q).
4
Suppose 2*b + 0*r - 2 = -4*r, -4*b + r = -22. Suppose 2*v - b + 1 = 0. Let o(m) = -144 + 282 + 2*m - 139. Determine o(v).
3
Let n(w) = 4 + 0*w**2 + 11*w + w**2 - 2*w. Let g(a) = 2*a - 20. Let p be g(10). Suppose p = -6*h - 45 + 9. Give n(h).
-14
Suppose 5*f + 19 + 26 = 0. Let w(o) be the third derivative of o**5/60 + 3*o**4/8 + 4*o**3/3 + 75*o**2 - 4*o. Give w(f).
8
Let p(z) = -z + 2*z**2 - z + 3*z - 7182*z**3 + 7179*z**3 - 3*z**2 - 1. Suppose 24 = -0*g + 4*g. Suppose -v + 2*j - 11 = g*j, -3*v = 3*j + 6. Calculate p(v).
-4
Suppose 10 = 3*p - 6*s + 2*s, p + 4*s + 18 = 0. Let w(c) = -c**3 - 6*c**2 - 4*c - 3. Give w(p).
-11
Let l = -363 + 370. Let x(z) = 2*z**2 - 13*z - 7. Calculate x(l).
0
Let n(x) = -2*x - 8. Let s be 28/(-20) + 5/((-50)/(-4)). Give n(s).
-6
Suppose -2*r + 20 = 3*r, n - r - 1 = 0. Let g = 63 + -59. Let u(p) = 743*p - 2 - 742*p - g. Give u(n).
-1
Let d(n) be the first derivative of n**4/4 - 3*n**3 - 9*n**2/2 - 6*n + 3. Let a be d(10). Let p(k) = -a + k**2 + 3 - 4 + 4*k. Calculate p(-5).
0
Let t(k) = -k - 1. Let r be ((-3)/2)/(27/180). Give t(r).
9
Let n(b) = 11*b**2 - 13*b + 6. Let m(a) = -9*a**2 + 12*a - 5. Let x(o) = -5*m(o) - 4*n(o). Calculate x(8).
1
Let p(k) = -2*k**2 - 2*k - 2. Suppose -4*i = -0*i - 12. Suppose 2*r = -i - 1. Give p(r).
-6
Suppose 6*r - 5 = r. Let o(x) = -x + r - 3 + 7. Let m be 1*(1 + -18 + 17). Give o(m).
5
Let l be 8/(-28) + (-6520)/(-280). Let f(a) = -a + 14. Give f(l).
-9
Let c(t) be the first derivative of 0*t - 3/2*t**2 + 27. What is c(-2)?
6
Let k(d) be the second derivative of -d**3 + d**2/2 - 179*d. Let t = 2 + -3. What is k(t)?
7
Let q(y) = -y**3 - 5*y**2 - 3*y - 9. Let j be q(-5). Suppose d + 2*d - 12 = 0. Let p(b) = d + 3*b - b**2 + 0 + 2*b. Determine p(j).
-2
Let l(x) = x**3 + x**2 + x + 6. Let c be l(0). Let s(u) be the first derivative of u**4/4 - 5*u**3/3 - 7*u**2/2 - 380. What is s(c)?
-6
Let f(c) = 0*c - 5*c + c + 2. Let a be ((-8)/6)/(122/(-183)). What is f(a)?
-6
Let x(o) = o**2 + 10*o. Let t = -22 + 11. Give x(t).
11
Suppose 6*j - 11*j + 220 = 0. Let f = j + -41. Let x(q) = 3*q - 1. What is x(f)?
8
Let m(q) be the third derivative of -q**5/60 - q**4/6 + q**3/2 - 13*q**2. Suppose 3*x - 8*x - p = -9, -5*p = -x + 7. Calculate m(x).
-9
Let z(q) be the third derivative of 0 - 1/120*q**6 + 1/3*q**3 + 0*q - 1/60*q**5 + 0*q**4 - 2*q**2. Determine z(-2).
6
Let n(u) = -16 + 14 + 912*u - 913*u. Determine n(-5).
3
Suppose -2*g + 2*p + 1 = -3, 4*g + 5*p = 44. Let f(j) be the second derivative of j**5/20 - 7*j**4/12 + 4*j**3/3 - 9*j**2/2 - 12*j - 3. Give f(g).
3
Let a(z) = -9 + 12 + 3*z + 5*z**2 - 5 - 7*z**2. Calculate a(1).
-1
Let x(a) = a - 1. Suppose -1 = g - 3*s + 4, -4*s = -2*g - 6. Let i be x(g). Let z(n) = -2*n - 5. Let j(v) = v + 2. Let u(r) = j(r) + z(r). Give u(i).
-3
Let t(u) = -18 + 49 + u - 16 - 19. Suppose 2*l = 2*f + 20, 3*l + 0*f + 3*f - 18 = 0. Give t(l).
4
Let f = -34 + 48. Let n(x) = x**3 - 13*x**2 - 15*x + 20. What is n(f)?
6
Let h(c) = -c**2 + 4. Suppose n + 5*z + 19 = 4*n, 3*n + 2*z - 5 = 0. Suppose 29 = 2*g - n*g - 5*v, -5*g + 5*v + 5 = 0. Determine h(g).
-12
Suppose -29*t - 22 = 152. Let a(r) = -1. Let s(d) = -d - 9. Let u(v) = -18*a(v) + 2*s(v). Determine u(t).
12
Let j(r) be the third derivative of -r**6/120 + 13*r**5/60 - 5*r**4/12 + r**3/2 - 18*r**2 + 1. Calculate j(12).
27
Let j(l) = -l + 6. Let x(c) = 1. Let h(a) = -j(a) + 3*x(a). Determine h(4).
1
Let f(u) = -u**3 - 3*u**2 - 8*u - 10. Let v be f(-2). Let r(t) = t**2 + 4*t + 8*t - 3 - 9*t - 2*t**v. Give r(2).
-1
Let s(a) = -a**2 - 5*a + 4. Let w(z) = -5*z - 71. Let f be w(-13). Calculate s(f).
-2
Let j(g) = 2*g**2 - g - 2. Let s(w) = -7*w**2 + 3*w - 4. Let n(i) = -2*j(i) + s(i). Calculate n(2).
-34
Let w(a) = -2*a**2 - a - 1. Let g be 7*13/(637/(-14)). Calculate w(g).
-7
Let c(u) = -u**2 + 42*u + 91. Let y be c(44). Let z(k) = 9*k - 3. Calculate z(y).
24
Let k(p) = -3*p + 9*p**2 - 2 + 4*p - p**3 + 0*p. Let g = -514 + 523. Determine k(g).
7
Let d(n) be the first derivative of n**2 + 7*n - 378. Let s(j) = -6*j. Let x be s(1). Calculate d(x).
-5
Suppose -2 = 7*v - 6*v. Let i be ((0/(-2))/v)/2. Suppose i = -3*g - 5 + 2. Let c(o) = 6*o + 1. Determine c(g).
-5
Let k(y) = 5 + 12 - 5*y - 19 + 14 + 6*y. What is k(-5)?
7
Let a(b) = 3*b + 13 + 11 + 4*b - 3*b. Let l be a(-11). Let o be ((-6)/12)/((-2)/l). Let k(w) = -w**3 - 6*w**2 - 3*w + 5. What is k(o)?
-5
Suppose -214*u - 6 = -215*u. Let i(h) = 1 - 3 + 0*h + h. Let z be i(u). Let m(s) = s**2 - s + 3. What is m(z)?
15
Let p(z) be the first derivative of z**4/24 + z**3 - 3*z**2/2 - 9. Let m(b) be the second derivative of p(b). Determine m(-6).
0
Suppose 3*k = -a, -4*k = -0*a + 5*a - 11. Let y(v) = v + 6*v**3 + 3*v**3 + 2*v**3 + 2*v**2. Calculate y(k).
-10
Let r = 23 - 33. Let b = r + 11. Let x(m) = 0 + m - b - 2. What is x(-3)?
-6
Let m(v) = -v**3 + 15*v**2 - 26*v - 4. Suppose 65 = 5*t - 0*t. Determine m(t).
-4
Let o(u) = u**2 + 7*u + 7. Let c be o(-6). Let j(z) = -z**3 - 2*z**2 + 1. Calculate j(c).
-2
Suppose -171*u + 601 = -425. Let x(r) be the third derivative of -r**6/120 + r**5/10 + r**4/12 - 2*r**3/3 + r**2. Determine x(u).
8
Let r(f) = -f**2 + 4 + 0 - 131571*f + 131574*f. Suppose 4*p + 0*p - 20 = 0. Determine r(p).
-6
Let i be (-2 + 3)/(2/4). Suppose -i*f + 11*f + 18 = 0. Let y(p) = -2*p**3 - 2*p**2 - p - 2. Give y(f).
8
Let b(g) be the first derivative of -g**2/2 - 12*g - 155. Determine b(-13).
1
Suppose -4*n + 3 = -2*c - 25, n = 5. Let d(g) = -g**3 - g**2 + 9*g - 1. Determine d(c).
11
Let g = -405 - -402. Let b(q) = 5*q + 6. Calculate b(g).
-9
Let f = -174 + 163. Let s(c) = c**2 + 10*c - 6. What is s(f)?
5
Let l(i) = -2*i**2 + 2. Suppose 0 = -3*j - 9 + 24. Suppose j*w - 6 = 24. Let a be (-3 - 0) + w - 1. Give l(a).
-6
Let p(k) = k - 8. Let u(s) = -2*s + 57. Let d be u(25). Determine p(d).
-1
Let x(s) = 2*s**2 - 2. Let i(o) = 34*o**3 - o + 1. Let j be i(1). Let g = -31 + j. Suppose g = 6*c - 7*c. Determine x(c).
16
Let f(c) be the third derivative of c**6/90 + c**5/120 - c**4/12 - 5*c**3/2 + 18*c**2. Let b(a) be the first derivative of f(a). Calculate b(-2).
12
Let z = 740 + -735. Let g(s) = -5*s + 1. What is g(z)?
-24
Let j(u) = -59 + 95 + u - 28. Let b be (-4)/14 + 12/42. Let x(q) = -q - 6. Let s be x(b). Calculate j(s).
2
Let u(j) = 14*j + 2. Let g be u(-1). Let h = -10 - g. Let p(m) = m**h - m + 2*m + 1 + 0*m - 3*m. What is p(-2)?
9
Let y = -907 - -916. Let f(r) = 4*r - 37. What is f(y)?
-1
Let x(l) = l + 4. Let r be x(-5). Let c(y) be the second derivative of -y**5/20 + y**3/3 + y**2/2 - 7*y. Determine c(r).
0
Let o(h) = h + 15. Let b be (-1 + -4 - 1) + 0. Give o(b).
9
Let u(c) be the first derivative of -5*c**2/2 + 9